e
Is 179580242 a prime number?
False
Is 11624399 composite?
True
Is 16107113 a composite number?
True
Is 1085461 prime?
False
Is 130929289 prime?
False
Is 5920667 a prime number?
True
Is 19191281 a prime number?
True
Is 96368507 prime?
True
Is 1819145 prime?
False
Is 13475249 a prime number?
True
Is 1832567 a composite number?
True
Is 71047 prime?
False
Is 144041957 a prime number?
False
Is 984007 a prime number?
True
Is 14096023 a composite number?
False
Is 226483 composite?
False
Is 55111033 composite?
False
Is 66516521 a composite number?
False
Is 14689327 a composite number?
False
Is 1039267 a composite number?
True
Is 11400491 prime?
True
Is 70965127 a prime number?
False
Is 62803687 a prime number?
False
Is 36448831 a composite number?
True
Is 10276103 composite?
True
Is 35047 composite?
True
Is 714675821 composite?
False
Is 165523 prime?
True
Is 3062299 composite?
True
Is 49060267 composite?
True
Is 83917747 prime?
True
Is 473719 a composite number?
False
Is 94995281 a prime number?
True
Is 167053 composite?
True
Is 720527 a composite number?
False
Is 52982026 a composite number?
True
Is 1885387039 a prime number?
True
Is 20053243 a composite number?
True
Is 3083531 composite?
True
Is 104449713 a composite number?
True
Is 1380377 prime?
True
Is 3780951 a prime number?
False
Is 3801211 a composite number?
False
Is 579098683 prime?
True
Is 2739899 a prime number?
True
Is 573506762 composite?
True
Is 4859341 a composite number?
False
Is 145612801 prime?
True
Is 453267305 prime?
False
Is 46560333 composite?
True
Is 8675371 a composite number?
False
Is 25811339 composite?
False
Is 59219981 composite?
True
Is 281260261 a prime number?
False
Is 45702299 prime?
False
Is 721616893 a prime number?
True
Is 192737 a composite number?
False
Is 100835087 composite?
False
Is 4988939 a composite number?
True
Is 7816487 a prime number?
False
Is 21763 composite?
True
Is 43095967 a prime number?
True
Is 3904501 prime?
True
Is 4072279 a composite number?
False
Is 2212867 a prime number?
False
Is 5644547 a prime number?
True
Is 11653319 a prime number?
False
Is 168182947 a prime number?
False
Is 7075207 a prime number?
False
Is 81591103 a composite number?
True
Is 47106659 a prime number?
True
Is 70425421 prime?
False
Is 119653 composite?
False
Is 49420333 a prime number?
True
Is 521332807 a prime number?
True
Is 5725241 a composite number?
False
Is 1999133 composite?
True
Is 2612219 a composite number?
True
Is 2906329 prime?
False
Is 7015891 prime?
True
Is 16789111 a prime number?
True
Is 43282099 a prime number?
False
Is 26212607 prime?
False
Is 12970765 a prime number?
False
Is 563999 a composite number?
False
Is 797716561 composite?
False
Is 2045333 a composite number?
False
Is 3078833 composite?
False
Is 7678145 a prime number?
False
Is 5188151 a prime number?
False
Is 1683359 composite?
False
Is 8273935 a prime number?
False
Is 181649483 prime?
False
Is 18107471 a prime number?
True
Is 8805383 composite?
False
Is 11655157 a composite number?
False
Is 466449986 prime?
False
Is 90634945 prime?
False
Is 23036199 a composite number?
True
Is 46175321 composite?
False
Is 24393877 a prime number?
True
Is 4419823 a prime number?
True
Is 34624771 a composite number?
False
Is 146184529 composite?
True
Is 581657 a composite number?
False
Is 229104361 a composite number?
False
Is 15546878 prime?
False
Is 6954463 a composite number?
False
Is 1145057 a composite number?
False
Is 626689573 prime?
True
Is 304053163 a composite number?
False
Is 69483599 prime?
True
Is 3577099 prime?
True
Is 48327589 a prime number?
True
Is 62896195 a composite number?
True
Is 26009207 a prime number?
False
Is 380503 a composite number?
False
Is 417509 a composite number?
False
Is 9123007 a composite number?
True
Is 61916863 a prime number?
True
Is 1499101 prime?
False
Is 10401187 a composite number?
False
Is 6871351 prime?
True
Is 585523 prime?
False
Is 19835773 prime?
True
Is 1017997 a prime number?
True
Is 1683749 prime?
True
Is 11450677 a prime number?
False
Is 35811071 a prime number?
True
Is 1324949 prime?
True
Is 211420003 composite?
False
Is 6627545 a prime number?
False
Is 16170142 prime?
False
Is 1009430447 prime?
True
Is 26539195 a composite number?
True
Is 64808005 prime?
False
Is 2035537 a prime number?
False
Is 22629962 a composite number?
True
Is 24359639 a prime number?
True
Is 74019643 a prime number?
True
Is 6933691 composite?
True
Is 565723 prime?
True
Is 12233579 prime?
True
Is 65810183 composite?
True
Is 535685 a prime number?
False
Is 2154209 prime?
True
Is 42664157 a prime number?
True
Is 329277181 a prime number?
False
Is 7462447 a prime number?
False
Is 120797737 a prime number?
True
Is 21750089 a composite number?
True
Is 93994871 prime?
False
Is 1189891 prime?
True
Is 58960337 composite?
True
Is 4840673 a composite number?
True
Is 2896385 a composite number?
True
Is 4365743 a composite number?
True
Is 10255741 a composite number?
False
Is 19716929 a composite number?
False
Is 21744106 a prime number?
False
Is 4316461 a prime number?
True
Is 242109929 a composite number?
True
Is 9737953 composite?
False
Is 5478371 prime?
True
Is 220367009 prime?
True
Is 6479231 a composite number?
True
Is 260575247 a prime number?
False
Is 2918821 a prime number?
False
Is 1555382113 prime?
True
Is 17237527 a prime number?
True
Is 32894635 a composite number?
True
Is 33837037 composite?
True
Is 41339 composite?
True
Is 211181861 a composite number?
True
Is 855751 a composite number?
True
Is 3540949 composite?
True
Is 5865497 prime?
False
Is 2953049 a composite number?
True
Is 4890199 prime?
True
Is 3769489 prime?
True
Is 3789671 a composite number?
True
Is 8422529 composite?
True
Is 2095077 prime?
False
Is 1268807 prime?
True
Is 58233163 composite?
True
Is 55716421 a composite number?
False
Is 591317 prime?
True
Is 9218521 a composite number?
True
Is 25327355 prime?
False
Is 2297947 prime?
False
Is 106300049 prime?
True
Is 1153891 a prime number?
True
Is 7985561 a composite number?
False
Is 133547 prime?
False
Is 323153 a composite number?
True
Is 149521759 a prime number?
True
Is 1362551 a prime number?
True
Is 6829997 a prime number?
True
Is 204044879 prime?
True
Is 2666731 a composite number?
True
Is 238753 composite?
True
Is 19234447 a composite number?
False
Is 200782294 composite?
True
Is 24233663 prime?
True
Is 2088859 a composite number?
True
Is 1433899 a prime number?
False
Is 83939651 a prime number?
False
Is 151523605 prime?
False
Is 790567 prime?
True
Is 5445766 composite?
True
Is 113560373 a prime number?
True
Is 1549937 a composite number?
False
Is 15827621 prime?
True
Is 528020111 a prime number?
False
Is 482454113 a prime number?
True
Is 57422341 composite?
False
Is 458849 prime?
True
Is 2139385 composite?
True
Is 72113077 a prime number?
True
Is 93401003 a composite number?
False
Is 3808859 prime?
False
Is 8663617 prime?
False
Is 13001321 a prime number?
True
Is 328598161 prime?
False
Is 17083337 composite?
True
Is 7470109 a composite number?
True
Is 82417123 a prime number?
False
Is 3125666 composite?
True
Is 3227640701 a prime number?
True
Is 502775003 a composite number?
True
Is 3746317 a prime number?
True
Is 1572509 a prime number?
True
Is 6047198 a composite number?
True
Is 91616869 composite?
False
Is 2149478807 a prime number?
False
Is 15875599 a composite number?
False
Is 90648599 a composite number?
False
Is 53612365 prime?
False
Is 1551367 a prime number?
False
Is 38141029 a prime number?
False
Is 7231589 composite?
True
Is 34716109 a composite number?
False
Is 15465309 composite?
True
Is 1263023 prime?
False
Is 18804283 a prime number?
True
Is 45865499 a composite number?
True
Is 20274751 a composite number?
True
Is 6360943 composite?
False
Is 948731 a prime number?
False
Is 155787 a prime number?
False
Is 98053 prime?
False
Is 598044039 a composite number?
True
Is 186191987 a prime number?
False
Is 172847 a prime number?
False
Is 1826483 a prime number?
False
Is 596381 prime?
False
Is 633293 a prime number?
False
Is 2796203 a prime number?
True
Is 9253957 prime?
True
Is 44789 a prime number?
True
Is 213087937 a prime number?
True
Is 1919089 prime?
False
Is 811731 composite?
True
Is 2499383 composite?
False
Is 99031181 a composite number?
False